{"id":216,"date":"2020-08-12T10:43:28","date_gmt":"2020-08-12T15:43:28","guid":{"rendered":"http:\/\/ajdethemes.com\/adri-data\/impact\/?page_id=216"},"modified":"2022-12-12T12:40:59","modified_gmt":"2022-12-12T18:40:59","slug":"faq","status":"publish","type":"page","link":"https:\/\/wittington.uk\/site\/faq\/","title":{"rendered":"Solicite informaci\u00f3n"},"content":{"rendered":"\t\t<div data-elementor-type=\"wp-page\" data-elementor-id=\"216\" class=\"elementor elementor-216\">\n\t\t\t\t\t\t<section class=\"elementor-section elementor-top-section elementor-element elementor-element-95d9290 elementor-section-full_width elementor-section-height-default elementor-section-height-default\" data-id=\"95d9290\" data-element_type=\"section\">\n\t\t\t\t\t\t<div class=\"elementor-container elementor-column-gap-no\">\n\t\t\t\t\t<div class=\"elementor-column elementor-col-100 elementor-top-column elementor-element elementor-element-717d777\" data-id=\"717d777\" data-element_type=\"column\">\n\t\t\t<div class=\"elementor-widget-wrap elementor-element-populated\">\n\t\t\t\t\t\t<div class=\"elementor-element elementor-element-a0498a8 elementor-widget elementor-widget-page-title\" data-id=\"a0498a8\" data-element_type=\"widget\" data-widget_type=\"page-title.default\">\n\t\t\t\t<div class=\"elementor-widget-container\">\n\t\t\t<div class=\"page-title  pt-has-bg-img\" style=\"background-image: url(https:\/\/ajdethemes.com\/adri-data\/impact\/wp-content\/uploads\/sites\/3\/2020\/08\/sec-bg-2.jpg);\"><div class=\"container\"><div class=\"row\"><div class=\"col-lg-12\"><div class=\"pt-style-2\"><span class=\"subtitle\">Reciba asesor\u00eda personalizada<\/span><h1 class=\"entry-title\">Solicite un presupuesto sin costo<\/h1><\/div><\/div><\/div><\/div><\/div>\t\t<\/div>\n\t\t\t\t<\/div>\n\t\t\t\t\t<\/div>\n\t\t<\/div>\n\t\t\t\t\t<\/div>\n\t\t<\/section>\n\t\t\t\t<section class=\"elementor-section elementor-top-section elementor-element elementor-element-6365582 elementor-section-height-min-height elementor-section-boxed elementor-section-height-default elementor-section-items-middle\" data-id=\"6365582\" data-element_type=\"section\" data-settings=\"{&quot;background_background&quot;:&quot;classic&quot;}\">\n\t\t\t\t\t\t\t<div class=\"elementor-background-overlay\"><\/div>\n\t\t\t\t\t\t\t<div class=\"elementor-container elementor-column-gap-default\">\n\t\t\t\t\t<div class=\"elementor-column elementor-col-100 elementor-top-column elementor-element elementor-element-204d805\" data-id=\"204d805\" data-element_type=\"column\">\n\t\t\t<div class=\"elementor-widget-wrap\">\n\t\t\t\t\t\t\t<\/div>\n\t\t<\/div>\n\t\t\t\t\t<\/div>\n\t\t<\/section>\n\t\t\t\t<section class=\"elementor-section elementor-top-section elementor-element elementor-element-d49af69 elementor-section-boxed elementor-section-height-default elementor-section-height-default\" data-id=\"d49af69\" data-element_type=\"section\">\n\t\t\t\t\t\t<div class=\"elementor-container elementor-column-gap-default\">\n\t\t\t\t\t<div class=\"elementor-column elementor-col-50 elementor-top-column elementor-element elementor-element-f813de3\" data-id=\"f813de3\" data-element_type=\"column\" data-settings=\"{&quot;background_background&quot;:&quot;classic&quot;}\">\n\t\t\t<div class=\"elementor-widget-wrap elementor-element-populated\">\n\t\t\t\t\t\t<div class=\"elementor-element elementor-element-186af86 elementor-widget elementor-widget-section-title\" data-id=\"186af86\" data-element_type=\"widget\" data-widget_type=\"section-title.default\">\n\t\t\t\t<div class=\"elementor-widget-container\">\n\t\t\t<div class=\"section-title st-memphis\"><img decoding=\"async\" src=\"https:\/\/ajdethemes.com\/adri-data\/royal\/wp-content\/uploads\/sites\/7\/2020\/08\/graphc-dots-royal-yellow.png\" title=\"\" alt=\"\" loading=\"lazy\" \/><span class=\"st-subtitle\">Contacte un asesor<\/span><h2 class=\"st-title\">Solicite informaci\u00f3n<br \/>de nuestro equipo<\/h2><\/div>\t\t<\/div>\n\t\t\t\t<\/div>\n\t\t\t\t\t<\/div>\n\t\t<\/div>\n\t\t\t\t<div class=\"elementor-column elementor-col-50 elementor-top-column elementor-element elementor-element-b7d0fca\" data-id=\"b7d0fca\" data-element_type=\"column\" data-settings=\"{&quot;background_background&quot;:&quot;classic&quot;}\">\n\t\t\t<div class=\"elementor-widget-wrap elementor-element-populated\">\n\t\t\t\t\t\t<div class=\"elementor-element elementor-element-0f2f6d4 elementor-widget elementor-widget-adri-ajdethemes-elements-cf7\" data-id=\"0f2f6d4\" data-element_type=\"widget\" data-widget_type=\"adri-ajdethemes-elements-cf7.default\">\n\t\t\t\t<div class=\"elementor-widget-container\">\n\t\t\t<div class=\"cf-form-wrapper\">\n<div class=\"wpcf7 no-js\" id=\"wpcf7-f220-o1\" lang=\"en-US\" dir=\"ltr\">\n<div class=\"screen-reader-response\"><p role=\"status\" aria-live=\"polite\" aria-atomic=\"true\"><\/p> <ul><\/ul><\/div>\n<form action=\"\/site\/wp-json\/wp\/v2\/pages\/216#wpcf7-f220-o1\" method=\"post\" class=\"wpcf7-form init\" aria-label=\"Contact form\" novalidate=\"novalidate\" data-status=\"init\">\n<div style=\"display: none;\">\n<input type=\"hidden\" name=\"_wpcf7\" value=\"220\" \/>\n<input type=\"hidden\" name=\"_wpcf7_version\" value=\"5.9.6\" \/>\n<input type=\"hidden\" name=\"_wpcf7_locale\" value=\"en_US\" \/>\n<input type=\"hidden\" name=\"_wpcf7_unit_tag\" value=\"wpcf7-f220-o1\" \/>\n<input type=\"hidden\" name=\"_wpcf7_container_post\" value=\"0\" \/>\n<input type=\"hidden\" name=\"_wpcf7_posted_data_hash\" value=\"\" \/>\n<input type=\"hidden\" name=\"_wpcf7_recaptcha_response\" value=\"\" \/>\n<\/div>\n<div class=\"container\">\n\t<div class=\"row\">\n\t\t<div class=\"col-lg-6\">\n\t\t\n\t\t\t<div class=\"form-group\">\n\t\t\t\t<label for=\"full-name\">Nombre completo<\/label>\n                                <span class=\"wpcf7-form-control-wrap\" data-name=\"full-name\"><input size=\"40\" maxlength=\"80\" class=\"wpcf7-form-control wpcf7-text wpcf7-validates-as-required form-style\" id=\"full-name\" aria-required=\"true\" aria-invalid=\"false\" placeholder=\"Ingresa tu nombre\" value=\"\" type=\"text\" name=\"full-name\" \/><\/span>\n\t\t\t<\/div>\n\n\t\t\t<div class=\"form-group\">\n\t\t\t\t<label for=\"subject\">Asunto<\/label>\n                                <span class=\"wpcf7-form-control-wrap\" data-name=\"subject\"><select class=\"wpcf7-form-control wpcf7-select form-style\" id=\"subject\" aria-invalid=\"false\" name=\"subject\"><option value=\"\">&#8212;Please choose an option&#8212;<\/option><option value=\"Presupuesto\">Presupuesto<\/option><option value=\"Consulta general\">Consulta general<\/option><option value=\"Resolver dudas\">Resolver dudas<\/option><option value=\"Documentaci\u00f3n\">Documentaci\u00f3n<\/option><option value=\"Otro\">Otro<\/option><\/select><\/span>\n\t\t\t<\/div>\n\n\t\t<\/div>\n\t\t<div class=\"col-lg-6\">\n\t\t\n\t\t\t<div class=\"form-group\">\n\t\t\t\t<label for=\"email\">Correo electr\u00f3nico<\/label>\n                                <span class=\"wpcf7-form-control-wrap\" data-name=\"email\"><input size=\"40\" maxlength=\"80\" class=\"wpcf7-form-control wpcf7-email wpcf7-validates-as-required wpcf7-text wpcf7-validates-as-email form-style\" id=\"email\" aria-required=\"true\" aria-invalid=\"false\" placeholder=\"Ingrese su correo\" value=\"\" type=\"email\" name=\"email\" \/><\/span>\n\t\t\t<\/div>\n\n\t\t\t<button class=\"btn btn-classic btn-inverted btn-hover-has-same-bg btn-block\">Solicitar informaci\u00f3n<\/button>\n\n\t\t<\/div>\n\t<\/div>\n<\/div><p style=\"display: none !important;\" class=\"akismet-fields-container\" data-prefix=\"_wpcf7_ak_\"><label>&#916;<textarea name=\"_wpcf7_ak_hp_textarea\" cols=\"45\" rows=\"8\" maxlength=\"100\"><\/textarea><\/label><input type=\"hidden\" id=\"ak_js_1\" name=\"_wpcf7_ak_js\" value=\"204\"\/><script>document.getElementById( \"ak_js_1\" ).setAttribute( \"value\", ( new Date() ).getTime() );<\/script><\/p><div class=\"wpcf7-response-output\" aria-hidden=\"true\"><\/div>\n<\/form>\n<\/div>\n<\/div>\t\t<\/div>\n\t\t\t\t<\/div>\n\t\t\t\t\t<\/div>\n\t\t<\/div>\n\t\t\t\t\t<\/div>\n\t\t<\/section>\n\t\t\t\t<section class=\"elementor-section elementor-top-section elementor-element elementor-element-c8856bd elementor-section-boxed elementor-section-height-default elementor-section-height-default\" data-id=\"c8856bd\" data-element_type=\"section\">\n\t\t\t\t\t\t<div class=\"elementor-container elementor-column-gap-default\">\n\t\t\t\t\t<div class=\"elementor-column elementor-col-100 elementor-top-column elementor-element elementor-element-f52b405\" data-id=\"f52b405\" data-element_type=\"column\">\n\t\t\t<div class=\"elementor-widget-wrap elementor-element-populated\">\n\t\t\t\t\t\t<div class=\"elementor-element elementor-element-8119ad7 elementor-widget elementor-widget-spacer\" data-id=\"8119ad7\" data-element_type=\"widget\" data-widget_type=\"spacer.default\">\n\t\t\t\t<div class=\"elementor-widget-container\">\n\t\t\t<style>\/*! elementor - v3.22.0 - 26-06-2024 *\/\n.elementor-column .elementor-spacer-inner{height:var(--spacer-size)}.e-con{--container-widget-width:100%}.e-con-inner>.elementor-widget-spacer,.e-con>.elementor-widget-spacer{width:var(--container-widget-width,var(--spacer-size));--align-self:var(--container-widget-align-self,initial);--flex-shrink:0}.e-con-inner>.elementor-widget-spacer>.elementor-widget-container,.e-con>.elementor-widget-spacer>.elementor-widget-container{height:100%;width:100%}.e-con-inner>.elementor-widget-spacer>.elementor-widget-container>.elementor-spacer,.e-con>.elementor-widget-spacer>.elementor-widget-container>.elementor-spacer{height:100%}.e-con-inner>.elementor-widget-spacer>.elementor-widget-container>.elementor-spacer>.elementor-spacer-inner,.e-con>.elementor-widget-spacer>.elementor-widget-container>.elementor-spacer>.elementor-spacer-inner{height:var(--container-widget-height,var(--spacer-size))}.e-con-inner>.elementor-widget-spacer.elementor-widget-empty,.e-con>.elementor-widget-spacer.elementor-widget-empty{position:relative;min-height:22px;min-width:22px}.e-con-inner>.elementor-widget-spacer.elementor-widget-empty .elementor-widget-empty-icon,.e-con>.elementor-widget-spacer.elementor-widget-empty .elementor-widget-empty-icon{position:absolute;top:0;bottom:0;left:0;right:0;margin:auto;padding:0;width:22px;height:22px}<\/style>\t\t<div class=\"elementor-spacer\">\n\t\t\t<div class=\"elementor-spacer-inner\"><\/div>\n\t\t<\/div>\n\t\t\t\t<\/div>\n\t\t\t\t<\/div>\n\t\t\t\t\t<\/div>\n\t\t<\/div>\n\t\t\t\t\t<\/div>\n\t\t<\/section>\n\t\t\t\t<\/div>\n\t\t","protected":false},"excerpt":{"rendered":"<p>Reciba asesor\u00eda personalizada Solicite un presupuesto sin costo Contacte un asesor Solicite informaci\u00f3n de nuestro equipo Nombre completo \u00bfDe qu\u00e9 deseas hablar? &#8212;PresupuestoConsulta generalResolver dudasDocumentaci\u00f3nOtro Correo electr\u00f3nico Solicitar informaci\u00f3n<\/p>\n","protected":false},"author":1,"featured_media":0,"parent":0,"menu_order":0,"comment_status":"closed","ping_status":"closed","template":"elementor_header_footer","meta":{"footnotes":""},"yoast_head":"<!-- This site is optimized with the Yoast SEO plugin v23.0 - https:\/\/yoast.com\/wordpress\/plugins\/seo\/ -->\n<title>Solicite informaci\u00f3n &#8902; Wittington - Estudia en Reino Unido<\/title>\n<meta name=\"robots\" content=\"index, follow, max-snippet:-1, max-image-preview:large, max-video-preview:-1\" \/>\n<link rel=\"canonical\" href=\"https:\/\/wittington.uk\/site\/faq\/\" \/>\n<meta property=\"og:locale\" content=\"es_ES\" \/>\n<meta property=\"og:type\" content=\"article\" \/>\n<meta property=\"og:title\" content=\"Solicite informaci\u00f3n &#8902; Wittington - Estudia en Reino Unido\" \/>\n<meta property=\"og:description\" content=\"Reciba asesor\u00eda personalizada Solicite un presupuesto sin costo Contacte un asesor Solicite informaci\u00f3n de nuestro equipo Nombre completo \u00bfDe qu\u00e9 deseas hablar? &#8212;PresupuestoConsulta generalResolver dudasDocumentaci\u00f3nOtro Correo electr\u00f3nico Solicitar informaci\u00f3n\" \/>\n<meta property=\"og:url\" content=\"https:\/\/wittington.uk\/site\/faq\/\" \/>\n<meta property=\"og:site_name\" content=\"Wittington - Estudia en Reino Unido\" \/>\n<meta property=\"article:modified_time\" content=\"2022-12-12T18:40:59+00:00\" \/>\n<meta property=\"og:image\" content=\"https:\/\/ajdethemes.com\/adri-data\/royal\/wp-content\/uploads\/sites\/7\/2020\/08\/graphc-dots-royal-yellow.png\" \/>\n<meta name=\"twitter:card\" content=\"summary_large_image\" \/>\n<meta name=\"twitter:label1\" content=\"Tiempo de lectura\" \/>\n\t<meta name=\"twitter:data1\" content=\"1 minuto\" \/>\n<script type=\"application\/ld+json\" class=\"yoast-schema-graph\">{\"@context\":\"https:\/\/schema.org\",\"@graph\":[{\"@type\":\"WebPage\",\"@id\":\"https:\/\/wittington.uk\/site\/faq\/\",\"url\":\"https:\/\/wittington.uk\/site\/faq\/\",\"name\":\"Solicite informaci\u00f3n &#8902; Wittington - Estudia en Reino Unido\",\"isPartOf\":{\"@id\":\"https:\/\/wittington.uk\/site\/#website\"},\"primaryImageOfPage\":{\"@id\":\"https:\/\/wittington.uk\/site\/faq\/#primaryimage\"},\"image\":{\"@id\":\"https:\/\/wittington.uk\/site\/faq\/#primaryimage\"},\"thumbnailUrl\":\"https:\/\/ajdethemes.com\/adri-data\/royal\/wp-content\/uploads\/sites\/7\/2020\/08\/graphc-dots-royal-yellow.png\",\"datePublished\":\"2020-08-12T15:43:28+00:00\",\"dateModified\":\"2022-12-12T18:40:59+00:00\",\"breadcrumb\":{\"@id\":\"https:\/\/wittington.uk\/site\/faq\/#breadcrumb\"},\"inLanguage\":\"es\",\"potentialAction\":[{\"@type\":\"ReadAction\",\"target\":[\"https:\/\/wittington.uk\/site\/faq\/\"]}]},{\"@type\":\"ImageObject\",\"inLanguage\":\"es\",\"@id\":\"https:\/\/wittington.uk\/site\/faq\/#primaryimage\",\"url\":\"https:\/\/ajdethemes.com\/adri-data\/royal\/wp-content\/uploads\/sites\/7\/2020\/08\/graphc-dots-royal-yellow.png\",\"contentUrl\":\"https:\/\/ajdethemes.com\/adri-data\/royal\/wp-content\/uploads\/sites\/7\/2020\/08\/graphc-dots-royal-yellow.png\"},{\"@type\":\"BreadcrumbList\",\"@id\":\"https:\/\/wittington.uk\/site\/faq\/#breadcrumb\",\"itemListElement\":[{\"@type\":\"ListItem\",\"position\":1,\"name\":\"Portada\",\"item\":\"https:\/\/wittington.uk\/site\/\"},{\"@type\":\"ListItem\",\"position\":2,\"name\":\"Solicite informaci\u00f3n\"}]},{\"@type\":\"WebSite\",\"@id\":\"https:\/\/wittington.uk\/site\/#website\",\"url\":\"https:\/\/wittington.uk\/site\/\",\"name\":\"Wittington - Estudiar en el Reino Unido ahora es m\u00e1s f\u00e1cil\",\"description\":\"Wittington - Tu mejor aliado para migrar y estudiar en el Reino Unido\",\"publisher\":{\"@id\":\"https:\/\/wittington.uk\/site\/#organization\"},\"potentialAction\":[{\"@type\":\"SearchAction\",\"target\":{\"@type\":\"EntryPoint\",\"urlTemplate\":\"https:\/\/wittington.uk\/site\/?s={search_term_string}\"},\"query-input\":\"required name=search_term_string\"}],\"inLanguage\":\"es\"},{\"@type\":\"Organization\",\"@id\":\"https:\/\/wittington.uk\/site\/#organization\",\"name\":\"Wittington - Estudiar en el Reino Unido ahora es m\u00e1s f\u00e1cil\",\"url\":\"https:\/\/wittington.uk\/site\/\",\"logo\":{\"@type\":\"ImageObject\",\"inLanguage\":\"es\",\"@id\":\"https:\/\/wittington.uk\/site\/#\/schema\/logo\/image\/\",\"url\":\"https:\/\/wittington.uk\/site\/wp-content\/uploads\/2021\/02\/favicon.png\",\"contentUrl\":\"https:\/\/wittington.uk\/site\/wp-content\/uploads\/2021\/02\/favicon.png\",\"width\":500,\"height\":500,\"caption\":\"Wittington - Estudiar en el Reino Unido ahora es m\u00e1s f\u00e1cil\"},\"image\":{\"@id\":\"https:\/\/wittington.uk\/site\/#\/schema\/logo\/image\/\"}}]}<\/script>\n<!-- \/ Yoast SEO plugin. -->","yoast_head_json":{"title":"Solicite informaci\u00f3n &#8902; Wittington - Estudia en Reino Unido","robots":{"index":"index","follow":"follow","max-snippet":"max-snippet:-1","max-image-preview":"max-image-preview:large","max-video-preview":"max-video-preview:-1"},"canonical":"https:\/\/wittington.uk\/site\/faq\/","og_locale":"es_ES","og_type":"article","og_title":"Solicite informaci\u00f3n &#8902; Wittington - Estudia en Reino Unido","og_description":"Reciba asesor\u00eda personalizada Solicite un presupuesto sin costo Contacte un asesor Solicite informaci\u00f3n de nuestro equipo Nombre completo \u00bfDe qu\u00e9 deseas hablar? &#8212;PresupuestoConsulta generalResolver dudasDocumentaci\u00f3nOtro Correo electr\u00f3nico Solicitar informaci\u00f3n","og_url":"https:\/\/wittington.uk\/site\/faq\/","og_site_name":"Wittington - Estudia en Reino Unido","article_modified_time":"2022-12-12T18:40:59+00:00","og_image":[{"url":"https:\/\/ajdethemes.com\/adri-data\/royal\/wp-content\/uploads\/sites\/7\/2020\/08\/graphc-dots-royal-yellow.png"}],"twitter_card":"summary_large_image","twitter_misc":{"Tiempo de lectura":"1 minuto"},"schema":{"@context":"https:\/\/schema.org","@graph":[{"@type":"WebPage","@id":"https:\/\/wittington.uk\/site\/faq\/","url":"https:\/\/wittington.uk\/site\/faq\/","name":"Solicite informaci\u00f3n &#8902; Wittington - Estudia en Reino Unido","isPartOf":{"@id":"https:\/\/wittington.uk\/site\/#website"},"primaryImageOfPage":{"@id":"https:\/\/wittington.uk\/site\/faq\/#primaryimage"},"image":{"@id":"https:\/\/wittington.uk\/site\/faq\/#primaryimage"},"thumbnailUrl":"https:\/\/ajdethemes.com\/adri-data\/royal\/wp-content\/uploads\/sites\/7\/2020\/08\/graphc-dots-royal-yellow.png","datePublished":"2020-08-12T15:43:28+00:00","dateModified":"2022-12-12T18:40:59+00:00","breadcrumb":{"@id":"https:\/\/wittington.uk\/site\/faq\/#breadcrumb"},"inLanguage":"es","potentialAction":[{"@type":"ReadAction","target":["https:\/\/wittington.uk\/site\/faq\/"]}]},{"@type":"ImageObject","inLanguage":"es","@id":"https:\/\/wittington.uk\/site\/faq\/#primaryimage","url":"https:\/\/ajdethemes.com\/adri-data\/royal\/wp-content\/uploads\/sites\/7\/2020\/08\/graphc-dots-royal-yellow.png","contentUrl":"https:\/\/ajdethemes.com\/adri-data\/royal\/wp-content\/uploads\/sites\/7\/2020\/08\/graphc-dots-royal-yellow.png"},{"@type":"BreadcrumbList","@id":"https:\/\/wittington.uk\/site\/faq\/#breadcrumb","itemListElement":[{"@type":"ListItem","position":1,"name":"Portada","item":"https:\/\/wittington.uk\/site\/"},{"@type":"ListItem","position":2,"name":"Solicite informaci\u00f3n"}]},{"@type":"WebSite","@id":"https:\/\/wittington.uk\/site\/#website","url":"https:\/\/wittington.uk\/site\/","name":"Wittington - Estudiar en el Reino Unido ahora es m\u00e1s f\u00e1cil","description":"Wittington - Tu mejor aliado para migrar y estudiar en el Reino Unido","publisher":{"@id":"https:\/\/wittington.uk\/site\/#organization"},"potentialAction":[{"@type":"SearchAction","target":{"@type":"EntryPoint","urlTemplate":"https:\/\/wittington.uk\/site\/?s={search_term_string}"},"query-input":"required name=search_term_string"}],"inLanguage":"es"},{"@type":"Organization","@id":"https:\/\/wittington.uk\/site\/#organization","name":"Wittington - Estudiar en el Reino Unido ahora es m\u00e1s f\u00e1cil","url":"https:\/\/wittington.uk\/site\/","logo":{"@type":"ImageObject","inLanguage":"es","@id":"https:\/\/wittington.uk\/site\/#\/schema\/logo\/image\/","url":"https:\/\/wittington.uk\/site\/wp-content\/uploads\/2021\/02\/favicon.png","contentUrl":"https:\/\/wittington.uk\/site\/wp-content\/uploads\/2021\/02\/favicon.png","width":500,"height":500,"caption":"Wittington - Estudiar en el Reino Unido ahora es m\u00e1s f\u00e1cil"},"image":{"@id":"https:\/\/wittington.uk\/site\/#\/schema\/logo\/image\/"}}]}},"_links":{"self":[{"href":"https:\/\/wittington.uk\/site\/wp-json\/wp\/v2\/pages\/216"}],"collection":[{"href":"https:\/\/wittington.uk\/site\/wp-json\/wp\/v2\/pages"}],"about":[{"href":"https:\/\/wittington.uk\/site\/wp-json\/wp\/v2\/types\/page"}],"author":[{"embeddable":true,"href":"https:\/\/wittington.uk\/site\/wp-json\/wp\/v2\/users\/1"}],"replies":[{"embeddable":true,"href":"https:\/\/wittington.uk\/site\/wp-json\/wp\/v2\/comments?post=216"}],"version-history":[{"count":20,"href":"https:\/\/wittington.uk\/site\/wp-json\/wp\/v2\/pages\/216\/revisions"}],"predecessor-version":[{"id":4275,"href":"https:\/\/wittington.uk\/site\/wp-json\/wp\/v2\/pages\/216\/revisions\/4275"}],"wp:attachment":[{"href":"https:\/\/wittington.uk\/site\/wp-json\/wp\/v2\/media?parent=216"}],"curies":[{"name":"wp","href":"https:\/\/api.w.org\/{rel}","templated":true}]}}